+ 246850. Is x a composite number?
False
Let t(b) = 3*b**3 - 3*b**2 + 23*b + 22. Let g be t(-9). Let i = -438 - g. Is i a prime number?
False
Let g(k) = k**3 - 12*k**2 + 17*k + 19. Let j(z) = 2*z + 7*z**2 + 6 - 6*z**2 + 4*z. Let t be j(-7). Is g(t) a prime number?
True
Suppose 5*k + 0*k - 10927 = -2*i, -21893 = -4*i + 3*k. Is i prime?
True
Suppose -18 = 13*m - 57. Is 0 - 46823/(-10 + m) composite?
False
Suppose -f + 2 = 0, -4*a + 5*f + 316175 = 74861. Is a a composite number?
False
Suppose 3*m - 8*m + 910 = 0. Let x(v) = -5 - 49*v + m*v + 4 - 11. Is x(5) prime?
True
Let i be -1 + 8/10 + 36/5. Suppose i*t = 4*t - 5*n + 1912, -t + 634 = n. Is t a composite number?
True
Let t(d) = 235*d**2 - 29*d + 151. Is t(-19) prime?
False
Let g(p) = p**3 - 2*p**2 + p + 1. Let f be g(2). Let h be (2/f)/(9/54). Suppose d - 4*l = 39, 74 = d + h*l - l. Is d composite?
False
Let h(o) = -4967*o**3 + 19*o**2 + 75*o + 28. Is h(-3) prime?
False
Suppose -2*s + 2536 = -2*q, 2*s = 6*s - 3*q - 5069. Suppose 44*n + 708 = 45*n. Let b = s - n. Is b a composite number?
False
Suppose 6*f - 13178 = -242. Suppose o + 2*l - 2021 - f = 0, -4*l = 0. Is o prime?
True
Let z = 814724 - 470937. Is z a composite number?
False
Suppose -16*u - 189974 + 663046 = 0. Is u a prime number?
True
Let p = -74 - -54. Let w be (-8)/p*-1 + 6/15. Suppose -37 = -3*z - 5*i - w*i, 34 = 4*z - i. Is z composite?
True
Let s be 0*(-4)/4 + 2*10. Suppose 10 = 3*j + 4*m - 147, -5*m + s = 0. Is j prime?
True
Let r(t) be the third derivative of 11*t**4 - 97*t**3/6 + 21*t**2 - 2*t. Is r(29) prime?
True
Suppose -c + 15 = -9. Suppose -4*i = 5*h - c - 9, 2*i + 6 = 0. Suppose h*g - g = 10792. Is g composite?
True
Suppose 1876309 = 2*j - r - 3338607, -j = -3*r - 2607443. Is j a composite number?
False
Let d = 418 - 706. Let m = d - -546. Let k = -7 + m. Is k a prime number?
True
Let z(n) = -6*n**2 + 17*n + 9. Let j(f) = f**2 + f + 1. Let o(p) = -4*j(p) - z(p). Is o(28) a composite number?
False
Let h be 239 + (-1)/(3/(-6)). Let m = -2357 - -2360. Suppose -m*l - l - 163 = -3*t, 5*t - h = -l. Is t a composite number?
True
Is (415929 + -2 + 116/29)/(-2 + 3) composite?
False
Suppose -1800 = -7*u + 300. Suppose 5*m = -0*m + u. Suppose m = o + 5. Is o a composite number?
True
Let h(l) be the second derivative of -523*l**3/6 - 18*l**2 + l - 183. Is h(-1) a composite number?
False
Let v be (-12)/3 - -13 - 1. Suppose 0 = -5*d + 2*j + 98693, d + 4*j = v*j + 19735. Is d a prime number?
True
Suppose 0*w - 4*w + s = -3, -4*s + 5 = w. Let t(u) be the second derivative of 147*u**3/2 + 5*u**2/2 + 60*u. Is t(w) composite?
True
Suppose -11*y + 6 + 38 = 0. Let w(j) = 2754*j + 97. Is w(y) composite?
False
Is (874666 - 30/(-6)) + (-48 - -38) a composite number?
False
Let l(r) = 6*r**2 - 9*r + 107. Let g be l(15). Suppose -5*k + 5307 - g = 0. Is k a composite number?
False
Let a be -17 + 4 + 6 + 2. Let o(b) = 1176*b**2 + 29*b - 16. Is o(a) a prime number?
False
Suppose -3*z + 19 = 13. Let o be 2*(z + (-1)/(-2)). Suppose o*j - 197 = j - d, -3*d = 2*j - 101. Is j a composite number?
True
Let n = 237578 + -133185. Is n a composite number?
False
Let x = -7 + 16. Suppose k - 3*l - 1 = -2*l, -3*l = k - x. Suppose 2*t - 3*p = 313, -k*t - p = p - 437. Is t a composite number?
False
Suppose c - 4*k = 116743, -45*k + 233471 = 2*c - 48*k. Is c prime?
True
Let q be (-44 - (-3 + -2))*(-6)/18. Suppose q*l - 8*l - 79085 = 0. Is l a composite number?
False
Is 17 - -5539 - (-4 + 2 + 1) a prime number?
True
Let l = 40 + -11. Suppose 5698 = l*x - 15*x. Is x a composite number?
True
Let b(h) = -1506*h + 66. Let y be b(-6). Suppose -12*j - y = -18*j. Is j a prime number?
False
Let p(d) = d - 1. Suppose -3*x + 16 = 1. Let c be p(x). Suppose -l - c*n + 541 = 0, 5*l - 2705 = 3*n - 7*n. Is l a prime number?
True
Let l = -176 + 10. Let k = l - -148. Is (-12)/k*((-1349)/(-2) + -1) prime?
True
Let i = -98 + 85. Let p(h) = -302*h - 93. Is p(i) prime?
True
Is (-1)/16 + (-21113450)/(-160) a composite number?
False
Let b(m) = -1666*m - 113. Is b(-9) a prime number?
False
Suppose 2*c + m - 4 = 0, 0 = -m + 2 + 2. Let b = 3 + -1. Is (-3 + c + b)*(-3401 + 0) composite?
True
Is ((-265)/11 + 24)*-3959857 a prime number?
True
Let q(i) = i**3 + 2*i**2 - i + 5. Let z be q(0). Suppose -z*r = -333 + 2103. Let w = r + 1357. Is w composite?
True
Let p(t) = -t**3 + 28*t**2 + t + 67. Let b be p(27). Suppose -1 = -d, -o - 3*d = -b - 289. Is o a prime number?
True
Suppose 16*p - 45*p + 66408 = -5*p. Is p a prime number?
True
Let h = -23524 - -14219. Let y = h - -14056. Is y composite?
False
Let b be ((-515)/(-3))/(-1)*(5 + 13). Let d = b - -6193. Is d prime?
False
Let i be (-78)/195 - (-1 - 10182/5). Let h be ((-12)/(-16))/((-3)/(-8)) + i. Suppose v - 2*r - h = 0, -6129 = 2*v - 5*v + 3*r. Is v composite?
True
Let p(z) = -24*z + 0*z**2 - z**2 + 4 + 18*z. Let b be p(-6). Suppose 0 = 10*d - b*d - 4182. Is d a composite number?
True
Let o(i) = 369*i - 226. Is o(11) prime?
True
Let w be 3/(-3) - (-1 - 0). Suppose w*c - 8280 = 5*c. Let l = c + 3053. Is l composite?
True
Suppose -12*s - 2683 = 305. Let p = 5962 - s. Is p a composite number?
False
Let y = 149837 + -91834. Is y a composite number?
True
Let i = 1126104 + -554635. Is i a prime number?
False
Let g be (-2)/8*-2*0. Let n(s) = -s**3 - 24*s**2 - 81*s - 16. Let b be n(-20). Suppose 5*p - b*p - 557 = g. Is p composite?
False
Is (-12)/(-3) + 10313*(8 + 73) a prime number?
False
Let z(w) = -7503*w + 254. Is z(-5) composite?
True
Let y(m) = -24340*m - 7809. Is y(-5) composite?
False
Let r(j) = -j**2 - 5*j + 14. Let l be r(-7). Suppose -2*o + 584 - 150 = l. Suppose 3*y - o = 218. Is y prime?
False
Let z = -2945 - -5340. Suppose 4206 = -4*h + 3*y, -557 = -4*h - 2*y - 4793. Let l = h + z. Is l a composite number?
True
Suppose 4*g - 1795 = -1299. Let r be 2/2 + 1 - -7. Suppose r*v - 353 = g. Is v composite?
False
Is (35339/(-11))/(120/(-1320)) a prime number?
True
Let g be (0 - 162)*(-1)/(14/21). Suppose c + g = 909. Suppose c = -21*z + 27*z. Is z composite?
True
Let r(u) = 6131*u - 6. Suppose 0 = -13*t + 24 + 2. Let h be r(t). Suppose 6*c - 10466 - h = 0. Is c composite?
True
Let v(k) = 126543*k + 11066. Is v(7) prime?
True
Let u = 30 - 30. Let a(z) = -5 + 95*z**2 - 102*z**2 + u*z - 3*z**3 - 4*z - 4*z. Is a(-8) composite?
True
Suppose 15 = -k + 24. Suppose -k*p + 10*p = 0. Suppose p*c + 2359 = 4*i - c, i + c = 586. Is i a composite number?
True
Let f = 134 - 120. Let s be (3 - 1)/(7/f). Suppose -5*l + 1540 = 4*b - 4218, -b - s*l = -1445. Is b prime?
False
Let y(a) = 2*a + 4. Let k be y(-2). Suppose 0 = 7*z - k*z - 4179. Let p = z + 142. Is p prime?
True
Suppose -4*l + 4*u = -112, -3*l - 8*u + 6*u + 74 = 0. Suppose 0 = 2*i - l*i + 234744. Is i a composite number?
False
Let a = -80161 + 162163. Suppose -72595 - a = -31*p. Is p composite?
False
Suppose -8*v = -2*j + 6*j - 233132, -j - 4*v + 58299 = 0. Is j a prime number?
False
Suppose -3*x - x + 16 = 0. Let w be -4 + (x - -11)*-1. Let d(m) = -m + 40. Is d(w) composite?
False
Suppose -12*h + 9135 = -1005. Suppose -843*n = -h*n + 10126. Is n a prime number?
False
Suppose j = 7 - 5. Let m be 1 + j + (-4)/(-1). Let r(u) = 133*u - 5. Is r(m) prime?
False
Let s be (7 - (-1 - -1)) + 9/(-3). Suppose 0 = s*j + 4*v + 12, 0 = -5*j - 4*v + 2*v. Suppose -4*l = 4*f - 832, 4*l = j*f - 4*f + 422. Is f prime?
False
Let b(j) be the third derivative of 1051*j**5/60 + j**4/12 + j**3/6 - 18*j**2. Let m be b(4). Suppose 0 = -5*n - 0*n + m. Is n a composite number?
True
Suppose -24 = -4*b + v - 4*v, -3*b + 3*v - 3 = 0. Suppose 3*a + 7 = 2*k, 3*k + a - b = k. Suppose -3*i = k*n - 751, -2*i + 5*i - 3*n - 756 = 0. Is i prime?
True
Let j(c) = -6*c**3 + 61*c**2 - 4*c - 148. Is j(-47) a composite number?
False
Let p(l) = 204*l**2 - 3*l + 1. Let i be p(3). Let g(j) = 45*j + 2586. Let q be g(-37). Let b = i - q. Is b a composite number?
False
Let k(t) = 137*t**3 - 6*t**2 - 3*t + 3. Let p be (-6 - (5 - 11)) + 5. Is k(p) a prime number?
True
Let k = 807484 + -443807. Is k a prime number?
True
Suppose 16*r - 657229 + 144669 = 0. Suppose q = -5*u + 32035, 5*u + 2*q + 0*q - r = 0. Is u a prime number?
False
Let a(g) = -97*g**2 + 2*g - 4. Let o(d) = -11 + 48*d**2 - d - 12 + 25. Let y(t) = 2*a(t) + 5*o(t). Is y(5) prime?
False
L